{"id":231,"date":"2012-07-13T16:10:54","date_gmt":"2012-07-13T14:10:54","guid":{"rendered":"http:\/\/rubbeldidup.net\/blog\/?page_id=231"},"modified":"2018-05-20T16:16:48","modified_gmt":"2018-05-20T14:16:48","slug":"westisland","status":"publish","type":"page","link":"https:\/\/rubbeldidup.net\/blog\/?page_id=231","title":{"rendered":"Vestur \u00cdsland"},"content":{"rendered":"<h4><strong>Vestur \u00cdsland &#8211; Westisland<\/strong><\/h4>\n<p><strong>14.06.2012 &#8211; Go West&#8230;<\/strong><\/p>\n<div class=\"gdl-image-frame shortcode-image-left\" style=\"max-width: 100%; float: left; width: 200px; height: 133px;\"><a title=\"Hv\u00edtserkur\" href=\"http:\/\/rubbeldidup.net\/blog\/wp-content\/uploads\/2012\/07\/north_9.jpg\" data-rel=\"prettyPhoto\"><img style=\"width: 200px; height: 133px;\" src=\"http:\/\/rubbeldidup.net\/blog\/wp-content\/uploads\/2012\/07\/north_9thb.jpg\" alt=\"\" \/><\/a><\/div>\n<p>Nun hie\u00df es vom Norden Abschied nehmen und zu unserem letzten Ferienhaus im Westen zu fahren. Das einzige gr\u00f6\u00dfere Foto-Ziel war der <a title=\"Hv\u00edtserkur\" href=\"http:\/\/de.wikipedia.org\/wiki\/Hv%C3%ADtserkur_%28Basaltfelsen%29\" target=\"_blank\">Hv\u00edtserkur<\/a>. Es gibt dort zwar eine Plattform aber soweit ich sehen konnte keinen vern\u00fcnftigen Weg zum Strand. Durch das lose Ger\u00f6ll ist der Pfad mit Vorsicht zu genie\u00dfen. Insgesamt waren die 420 Km erstaunlich ereignislos und so kamen wir gegen 22.00 Uhr am Haus &#8222;Hulduland&#8220; in der N\u00e4he von Borgarnes an.<\/p>\n<p>&nbsp;<\/p>\n<p><strong>15.06.2012 &#8211; Halbinseln&#8230;<\/strong><\/p>\n<div class=\"gdl-image-frame shortcode-image-left\" style=\"max-width: 100%; float: left; width: 200px; height: 133px;\"><a title=\"Arnarstapi\" href=\"http:\/\/rubbeldidup.net\/blog\/wp-content\/uploads\/2012\/07\/west_1.jpg\" data-rel=\"prettyPhoto\"><img style=\"width: 200px; height: 133px;\" src=\"http:\/\/rubbeldidup.net\/blog\/wp-content\/uploads\/2012\/07\/west_1thb.jpg\" alt=\"\" \/><\/a><\/div>\n<p><a title=\"Sn\u00e6fellsnes\" href=\"http:\/\/de.wikipedia.org\/wiki\/Sn%C3%A6fellsnes\" target=\"_blank\">Sn\u00e6fellsnes<\/a> war unser heutiges Ausflugsziel. Mit der (winzigen) Hoffnung auf Seehunde fuhren wir zun\u00e4chst nach Ytri Tunga. Obwohl dort, wie fast zu erwarten, keine zu sehen waren h\u00e4tte ich den ganzen Tag am Strand verbringen und die Seev\u00f6gel beobachten k\u00f6nnen. Ein ideales Gel\u00e4nde f\u00fcr die Tierfotografie. Denn <a title=\"Sn\u00e6fellsj\u00f6kull\" href=\"http:\/\/de.wikipedia.org\/wiki\/Sn%C3%A6fellsj%C3%B6kull\" target=\"_blank\">Sn\u00e6fellsj\u00f6kull<\/a> immer im Blick ging es weiter nach <a title=\"Arnarstapi\" href=\"http:\/\/de.wikipedia.org\/wiki\/Arnarstapi\" target=\"_blank\">Arnarstapi<\/a>, ein kleiner aber wunderbarer und ausgesprochen sehenswerter Ort, einmal abgesehen von den K\u00fcstenseeschwalben. Kommt man den Nestern zu nahe, das kann einem hier auch mitten in der Ortschaft passieren,\u00a0 reagieren diese mit Scheinangriffen und fliegen einem die ganze Zeit dicht \u00fcber den Kopf.<\/p>\n<div class=\"gdl-image-frame shortcode-image-left\" style=\"max-width: 100%; float: left; width: 200px; height: 133px;\"><a title=\"Kirkjufellsfoss\" href=\"http:\/\/rubbeldidup.net\/blog\/wp-content\/uploads\/2012\/07\/west_2.jpg\" data-rel=\"prettyPhoto\"><img style=\"width: 200px; height: 133px;\" src=\"http:\/\/rubbeldidup.net\/blog\/wp-content\/uploads\/2012\/07\/west_2thb.jpg\" alt=\"\" \/><\/a><\/div>\n<p>Weiter Richtung \u00d6ndver\u00f0arnes besuchten wir dann noch einen Leuchtturm bevor es zu unserem letzten Ziel, dem Wasserfall Kirkjufellsfoss ging. Eigentlich h\u00e4tte die Fahrt noch weiter gehen sollen aber hier bemerkten wir das das Stativ von Astrid leider immer noch am Leuchtturm lag. Also fuhren wir wieder zur\u00fcck und siehe da.. das Stativ war weg. Mit diesem unsch\u00f6nen Abschluss ging es zur\u00fcck nach\u00a0 Borgarnes und mittlerweile war es bereits so sp\u00e4t geworden das wir auf der Heimfahrt Sonnenunter- und -aufgang hatten. Zu dieser Jahreszeit geht die Sonne zwar noch unter, bleibt aber so dicht unter dem Horizont das es auch schon Mitte Juni nicht mehr Dunkel wird. Im Norden war dieser Effekt sogar noch ausgepr\u00e4gter. Hundem\u00fcde waren wir dann am n\u00e4chsten Morgen um 2.00 Uhr endlich wieder zur\u00fcck.<\/p>\n<p>&nbsp;<\/p>\n<p><strong>16.06.2012 &#8211; Wir sind keine Warmduscher&#8230;<\/strong><\/p>\n<div class=\"gdl-image-frame shortcode-image-left\" style=\"max-width: 100%; float: left; width: 200px; height: 133px;\"><a title=\"Akranes\" href=\"http:\/\/rubbeldidup.net\/blog\/wp-content\/uploads\/2012\/07\/west_3.jpg\" data-rel=\"prettyPhoto\"><img style=\"width: 200px; height: 133px;\" src=\"http:\/\/rubbeldidup.net\/blog\/wp-content\/uploads\/2012\/07\/west_3thb.jpg\" alt=\"\" \/><\/a><\/div>\n<p>Denn nach der recht kurzen Nacht stellten wir fest das im Ferienhaus das Wasser nicht mehr lief. Nachdem sich J\u00fcrgen in der Nachbarschaft erkundigt hatte war schnell klar das das ganze Gebiet davon betroffen war. Hier kann ich\u00a0<a title=\"katla-travel.is\" href=\"http:\/\/www.katla-travel.is\" target=\"_blank\">Katla-Travel<\/a> nur lobend erw\u00e4hnen da sie uns schnell und unkompliziert geholfen haben. Da wir mittlerweile bereits einen halben Tag verloren hatten und wir noch zum <a title=\"&quot;Golden Circle&quot;\" href=\"http:\/\/de.wikipedia.org\/wiki\/Gullni_hringurinn\" target=\"_blank\">&#8222;Golden Circle&#8220;<\/a> wollten wurde uns dort in der N\u00e4he zwei Zimmer in einem gehobenen Hotel gebucht. Das ganze an einem Samstag und vor dem isl\u00e4ndischen Nationalfeiertag, das ist Service! Mit Katzenw\u00e4sche ging es erst einmal Fr\u00fchst\u00fccken und dann nach <a title=\"Akranes\" href=\"http:\/\/de.wikipedia.org\/wiki\/Akranes\" target=\"_blank\">Akranes<\/a> und den dortigen Leuchtt\u00fcrmen.<\/p>\n<div class=\"gdl-image-frame shortcode-image-left\" style=\"max-width: 100%; float: left; width: 200px; height: 133px;\"><a title=\"\u00deingvellir\" href=\"http:\/\/rubbeldidup.net\/blog\/wp-content\/uploads\/2012\/07\/west_4.jpg\" data-rel=\"prettyPhoto\"><img style=\"width: 200px; height: 133px;\" src=\"http:\/\/rubbeldidup.net\/blog\/wp-content\/uploads\/2012\/07\/west_4thb.jpg\" alt=\"\" \/><\/a><\/div>\n<p>Das n\u00e4chste Ziel auf unserem &#8222;Touristen-Pflichtprogramm&#8220; war dann <a title=\"\u00deingvellir\" href=\"http:\/\/de.wikipedia.org\/wiki\/%C3%9Eingvellir\" target=\"_blank\">\u00deingvellir<\/a>. Das Wasser ist wirklich unglaublich Klar und erst die Farbe! Hatten wir das Gl\u00fcck die letzten Tage Sonnenschein zu genie\u00dfen zog sich die Bew\u00f6lkung aber immer weiter zu und als wir gegen 23.30 Uhr beim <a title=\"Strokkur\" href=\"http:\/\/de.wikipedia.org\/wiki\/Strokkur\" target=\"_blank\">Strokkur<\/a> ankamen war das Licht nur noch sehr bescheiden. Daf\u00fcr hatten wir den Ort fast ganz alleine f\u00fcr uns. Den <a title=\"Gullfoss\" href=\"http:\/\/de.wikipedia.org\/wiki\/Gullfoss\" target=\"_blank\">Gullfoss<\/a> haben wir uns dann nur noch kurz angeschaut da es angefangen hatte leicht zu regnen und wir eigentlich nur noch in das Hotel wollten. Fast schon unn\u00f6tig zu erw\u00e4hnen das wir erst wieder um 2.00 Uhr morgens in den Betten lagen.<\/p>\n<p>&nbsp;<\/p>\n<p><strong>17.06.2012 &#8211; Die Heimat ruft&#8230;<\/strong><\/p>\n<div class=\"gdl-image-frame shortcode-image-left\" style=\"max-width: 100%; float: left; width: 200px; height: 133px;\"><a title=\"Gunnuhver\" href=\"http:\/\/rubbeldidup.net\/blog\/wp-content\/uploads\/2012\/07\/west_5.jpg\" data-rel=\"prettyPhoto\"><img style=\"width: 200px; height: 133px;\" src=\"http:\/\/rubbeldidup.net\/blog\/wp-content\/uploads\/2012\/07\/west_5thb.jpg\" alt=\"\" \/><\/a><\/div>\n<p>Da wir nun das Ferienhaus nicht mehr reinigen mussten und es auch nicht mehr so weit zum Flughafen war konnten wir den gesamten Vormittag nutzen um noch ein bisschen <a title=\"Reykjanesskagi\" href=\"http:\/\/de.wikipedia.org\/wiki\/Reykjanesskagi\" target=\"_blank\">Reykjanesskagi<\/a> zu erkunden. So fuhren wir also zum Abschluss unserer Reise zum Hochtemperaturgebiet <a title=\"Gunnuhver\" href=\"http:\/\/de.wikipedia.org\/wiki\/Gunnuhver\" target=\"_blank\">Gunnuhver<\/a>. Man beachte die Reste des urspr\u00fcnglichen Weges.<\/p>\n<p>&nbsp;<\/p>\n<p>Dann war es auch schon Zeit zum Flughafen zu d\u00fcsen, W\u00e4sche und Auto abzugeben (Thank you Erik) und uns seelisch und moralisch auf die Heimreise vorzubereiten. Laut Astrid sind wir wohl knapp 4000 Km gefahren ^^ Bei unserem Abflug h\u00f6rte ich dann zuf\u00e4llig &#8222;From Now On&#8220; von Dikta aus dem Sampler &#8222;<a title=\"Hot Spring\" href=\"http:\/\/www.icelandicmusic.com\/MusicNews\/1122\/hot_spring_stream_the_album_for_free\/41943\" target=\"_blank\">Hot Spring<\/a>&#8220; und jedes mal wenn ich es jetzt wieder h\u00f6re muss ich an diesen wunderbaren Urlaub zur\u00fcck denken.<\/p>\n<p>Ach ja.. weil Nationalfeiertag war gab es von Icelandair noch ein Eis. Da soll mal einer sagen die Reise habe sich nicht gelohnt&#8230; \ud83d\ude42<\/p>\n<h4><strong>Bless \u00cdsland<\/strong><\/h4>\n","protected":false},"excerpt":{"rendered":"<p>Vestur \u00cdsland &#8211; Westisland 14.06.2012 &#8211; Go West&#8230; Nun hie\u00df es vom Norden Abschied nehmen und zu unserem letzten Ferienhaus im Westen zu fahren. Das einzige gr\u00f6\u00dfere Foto-Ziel war der Hv\u00edtserkur. Es gibt dort zwar eine Plattform aber soweit ich sehen konnte keinen vern\u00fcnftigen Weg zum Strand. Durch das lose Ger\u00f6ll ist der Pfad mit Vorsicht zu genie\u00dfen. Insgesamt waren die 420 Km erstaunlich ereignislos und so kamen wir gegen 22.00 Uhr am Haus &#8222;Hulduland&#8220; in der N\u00e4he von Borgarnes an. &nbsp; 15.06.2012 &#8211; Halbinseln&#8230; Sn\u00e6fellsnes war unser heutiges Ausflugsziel. Mit der (winzigen) Hoffnung auf Seehunde fuhren wir zun\u00e4chst nach Ytri Tunga. Obwohl dort, wie fast zu erwarten, keine zu sehen waren h\u00e4tte ich den ganzen Tag am Strand verbringen und die Seev\u00f6gel beobachten k\u00f6nnen. Ein ideales Gel\u00e4nde f\u00fcr die Tierfotografie. Denn Sn\u00e6fellsj\u00f6kull immer im Blick ging es weiter nach Arnarstapi, ein kleiner aber wunderbarer und ausgesprochen sehenswerter Ort, einmal abgesehen von den K\u00fcstenseeschwalben. Kommt man den Nestern zu nahe, das kann einem hier auch mitten in der Ortschaft passieren,\u00a0 reagieren diese mit Scheinangriffen und fliegen einem die ganze Zeit dicht \u00fcber den Kopf. Weiter Richtung \u00d6ndver\u00f0arnes besuchten wir dann noch einen Leuchtturm bevor es zu unserem letzten Ziel, dem Wasserfall Kirkjufellsfoss ging. Eigentlich h\u00e4tte die Fahrt noch weiter gehen sollen aber hier bemerkten wir das das Stativ von Astrid leider immer noch am Leuchtturm lag. Also fuhren wir wieder zur\u00fcck und siehe da.. das Stativ war weg. Mit diesem unsch\u00f6nen Abschluss ging es zur\u00fcck nach\u00a0 Borgarnes und mittlerweile war es bereits so sp\u00e4t geworden das wir auf der Heimfahrt Sonnenunter- und -aufgang hatten. Zu dieser Jahreszeit geht die Sonne zwar noch unter, bleibt aber so dicht unter dem Horizont das es auch schon Mitte Juni nicht mehr Dunkel wird. Im Norden war dieser Effekt sogar noch ausgepr\u00e4gter. Hundem\u00fcde waren wir dann am n\u00e4chsten Morgen um 2.00 Uhr endlich wieder zur\u00fcck. &nbsp; 16.06.2012 &#8211; Wir sind keine Warmduscher&#8230; Denn nach der recht kurzen Nacht stellten wir fest das im Ferienhaus das Wasser nicht mehr lief. Nachdem sich J\u00fcrgen in der Nachbarschaft erkundigt hatte war schnell klar das das ganze Gebiet davon betroffen war. Hier kann ich\u00a0Katla-Travel nur lobend erw\u00e4hnen da sie uns schnell und unkompliziert geholfen haben. Da wir mittlerweile bereits einen halben Tag verloren hatten und wir noch zum &#8222;Golden Circle&#8220; wollten wurde uns dort in der N\u00e4he zwei Zimmer in einem gehobenen Hotel gebucht. Das ganze an einem Samstag und vor dem isl\u00e4ndischen Nationalfeiertag, das ist Service! Mit Katzenw\u00e4sche ging es erst einmal Fr\u00fchst\u00fccken und dann nach Akranes und den dortigen Leuchtt\u00fcrmen. Das n\u00e4chste Ziel auf unserem &#8222;Touristen-Pflichtprogramm&#8220; war dann \u00deingvellir. Das Wasser ist wirklich unglaublich Klar und erst die Farbe! Hatten wir das Gl\u00fcck die letzten Tage Sonnenschein zu genie\u00dfen zog sich die Bew\u00f6lkung aber immer weiter zu und als wir gegen 23.30 Uhr beim Strokkur ankamen war das Licht nur noch sehr bescheiden. Daf\u00fcr hatten wir den Ort fast ganz alleine f\u00fcr uns. Den Gullfoss haben wir uns dann nur noch kurz angeschaut da es angefangen hatte leicht zu regnen und wir eigentlich nur noch in das Hotel wollten. Fast schon unn\u00f6tig zu erw\u00e4hnen das wir erst wieder um 2.00 Uhr morgens in den Betten lagen. &nbsp; 17.06.2012 &#8211; Die Heimat ruft&#8230; Da wir nun das Ferienhaus nicht mehr reinigen mussten und es auch nicht mehr so weit zum Flughafen war konnten wir den gesamten Vormittag nutzen um noch ein bisschen Reykjanesskagi zu erkunden. So fuhren wir also zum Abschluss unserer Reise zum Hochtemperaturgebiet Gunnuhver. Man beachte die Reste des urspr\u00fcnglichen Weges. &nbsp; Dann war es auch schon Zeit zum Flughafen zu d\u00fcsen, W\u00e4sche und Auto abzugeben (Thank you Erik) und uns seelisch und moralisch auf die Heimreise vorzubereiten. Laut Astrid sind wir wohl knapp 4000 Km gefahren ^^ Bei unserem Abflug h\u00f6rte ich dann zuf\u00e4llig &#8222;From Now On&#8220; von Dikta aus dem Sampler &#8222;Hot Spring&#8220; und jedes mal wenn ich es jetzt wieder h\u00f6re muss ich an diesen wunderbaren Urlaub zur\u00fcck denken. Ach ja.. weil Nationalfeiertag war gab es von Icelandair noch ein Eis. Da soll mal einer sagen die Reise habe sich nicht gelohnt&#8230; \ud83d\ude42 Bless \u00cdsland<\/p>\n","protected":false},"author":3,"featured_media":690,"parent":182,"menu_order":1,"comment_status":"closed","ping_status":"closed","template":"","meta":[],"_links":{"self":[{"href":"https:\/\/rubbeldidup.net\/blog\/index.php?rest_route=\/wp\/v2\/pages\/231"}],"collection":[{"href":"https:\/\/rubbeldidup.net\/blog\/index.php?rest_route=\/wp\/v2\/pages"}],"about":[{"href":"https:\/\/rubbeldidup.net\/blog\/index.php?rest_route=\/wp\/v2\/types\/page"}],"author":[{"embeddable":true,"href":"https:\/\/rubbeldidup.net\/blog\/index.php?rest_route=\/wp\/v2\/users\/3"}],"replies":[{"embeddable":true,"href":"https:\/\/rubbeldidup.net\/blog\/index.php?rest_route=%2Fwp%2Fv2%2Fcomments&post=231"}],"version-history":[{"count":87,"href":"https:\/\/rubbeldidup.net\/blog\/index.php?rest_route=\/wp\/v2\/pages\/231\/revisions"}],"predecessor-version":[{"id":380,"href":"https:\/\/rubbeldidup.net\/blog\/index.php?rest_route=\/wp\/v2\/pages\/231\/revisions\/380"}],"up":[{"embeddable":true,"href":"https:\/\/rubbeldidup.net\/blog\/index.php?rest_route=\/wp\/v2\/pages\/182"}],"wp:featuredmedia":[{"embeddable":true,"href":"https:\/\/rubbeldidup.net\/blog\/index.php?rest_route=\/wp\/v2\/media\/690"}],"wp:attachment":[{"href":"https:\/\/rubbeldidup.net\/blog\/index.php?rest_route=%2Fwp%2Fv2%2Fmedia&parent=231"}],"curies":[{"name":"wp","href":"https:\/\/api.w.org\/{rel}","templated":true}]}}