{"id":245,"date":"2012-07-13T21:10:18","date_gmt":"2012-07-13T19:10:18","guid":{"rendered":"http:\/\/rubbeldidup.net\/blog\/?page_id=245"},"modified":"2018-05-20T16:16:48","modified_gmt":"2018-05-20T14:16:48","slug":"iceland-2012-ein-reisebericht","status":"publish","type":"page","link":"https:\/\/rubbeldidup.net\/blog\/?page_id=245","title":{"rendered":"Reisebericht Island 2012"},"content":{"rendered":"<h4><strong>\u00cdsland 2012 &#8211; a Fer\u00f0alagamyndir <\/strong><\/h4>\n<h4><strong>Einleitung<\/strong><\/h4>\n<p>Iceland stand schon lange auf meiner Wunschliste und nachdem sich \u00fcber das Fotoforum <a href=\"http:\/\/www.digitalfototreff.de\/\" target=\"_blank\">www.digitalfototreff.de<\/a> eine kleine Reisegruppe gebildet hatte war es dann am 07.06 endlich soweit. Mit von der Partie waren Astrid vom Foto-Stammtisch, ihr Gatte J\u00fcrgen und meine Wenigkeit.<\/p>\n<p>Eine kleine Anmerkung zu Reisegruppen falls ihr auch ein derartiges Unterfangen probieren wollt, versucht erst gar nicht zu viele Leute unter einen Hut zu bringen.\u00a0 Drei bis vier\u00a0Personen scheinen mir Ideal, danach wird es planerisch schon eine Herausforderung. Sicherlich passen auch noch f\u00fcnf Personen in den Wagen aber dann sollten die Strecken nicht zu lange sein.<\/p>\n<p>Gebucht wurde die Reise <strong>S\u00fcd &amp; Nord &amp; Westisland<\/strong> bei\u00a0 <a title=\"katla-travel.is\" href=\"http:\/\/www.katla-travel.is\" target=\"_blank\">Katla-Travel<\/a>. 11 Tage mit Flug, Mietwagen, einem Ferienhaus in der jeweiligen Region und W\u00e4schepaket.<\/p>\n<p><strong>Kosten<\/strong><\/p>\n<table border=\"1\" cellspacing=\"0\" cellpadding=\"0\">\n<tbody>\n<tr>\n<td valign=\"top\" width=\"499\"><strong>Leistung<\/strong><\/td>\n<td valign=\"top\" width=\"66\"><strong>Preis p.P.<br \/>\n<\/strong><\/td>\n<\/tr>\n<tr>\n<td valign=\"top\" width=\"499\"><strong>Fly&amp;Drive 07.06 &#8211; l.7.06.2012, Saison NS 2012, 11 Tage, inkl.<\/strong><\/p>\n<ul>\n<li>Flug ab Deutschland<br \/>\nMietwagen Kat. F, Toyota RAV4 4WD manuell o.\u00c4.<\/li>\n<li>Katla Mietwagen Paket PLUS (inkl. unbegrenzte km, isl. Mwst., ScDW mit reduz. Selbstbehalt, Frontscheibenversicherung ohne Selbstbehalt, Diebstahlschutz und Flughafenzustellungsgeb\u00fchr ab\/an Keflavik, Kindersitz bei Bedarf<\/li>\n<\/ul>\n<\/td>\n<td valign=\"top\" width=\"66\">917,00 \u20ac<\/td>\n<\/tr>\n<tr>\n<td valign=\"top\" width=\"499\"><strong>W\u00e4schepaket<\/strong><\/td>\n<td valign=\"top\" width=\"66\">25,00 \u20ac<\/td>\n<\/tr>\n<tr>\n<td valign=\"top\" width=\"499\"><strong>Reiser\u00fccktrittsversicherung<br \/>\n<\/strong><\/td>\n<td valign=\"top\" width=\"66\">68,00 \u20ac<\/td>\n<\/tr>\n<tr>\n<td valign=\"top\" width=\"499\"><strong>Parkgeb\u00fchren Frankfurt<\/strong><\/td>\n<td valign=\"top\" width=\"66\">45,00 \u20ac<\/td>\n<\/tr>\n<tr>\n<td valign=\"top\" width=\"499\"><strong>Zus\u00e4tzlicher Fahrer Mietwagen<br \/>\n<\/strong><\/td>\n<td valign=\"top\" width=\"66\">44,00 \u20ac<\/td>\n<\/tr>\n<\/tbody>\n<\/table>\n<p>&nbsp;<\/p>\n<table border=\"1\" cellspacing=\"0\" cellpadding=\"0\">\n<tbody>\n<tr>\n<td valign=\"top\" width=\"499\"><strong>Ferienhaus: H\u00e6\u00f0argar\u00f0ur (S\u00fcdisland)<\/strong><\/td>\n<td valign=\"top\" width=\"66\">360,00 \u20ac<\/td>\n<\/tr>\n<tr>\n<td valign=\"top\" width=\"499\"><strong>Ferienhaus: Engi B\u00e1r\u00f0ardalur (Nordisland)<\/strong><\/td>\n<td valign=\"top\" width=\"66\">498,00 \u20ac<\/td>\n<\/tr>\n<tr>\n<td valign=\"top\" width=\"499\"><strong>Ferienhaus: Hulduland (Westisland)<\/strong><\/td>\n<td valign=\"top\" width=\"66\">323,00 \u20ac<\/td>\n<\/tr>\n<\/tbody>\n<\/table>\n<p>&nbsp;<\/p>\n<p>Durch einen Jubil\u00e4umsrabatt gab es das W\u00e4schepaket quasi umsonst so dass sich ein Gesamtpreis von 1465 \u20ac pro Person ergeben hat.<\/p>\n<p><strong>Kosten vor Ort<\/strong><\/p>\n<p>Island ist ja bekanntlich kein billiges Pflaster aber die Preise hielten sich bei unserem Besuch in Grenzen beispielsweise:<\/p>\n<ul>\n<li>Tanken: 35 Liter Super ca. 54,42 \u20ac (1,56 \u20ac je Liter)<\/li>\n<\/ul>\n<ul>\n<li>Abendessen: 3x Burger und 3x Kaffee 7000 ISK entspricht ca. 14,50 \u20ac pro Person<\/li>\n<\/ul>\n<ul>\n<li>Einkaufen im Supermarkt entspricht deutschem Kostenniveau.<\/li>\n<\/ul>\n<p>&nbsp;<\/p>\n<p><strong>Res\u00fcmee<\/strong><\/p>\n<p>Wenn ich k\u00f6nnte w\u00fcrde ich mich sofort wieder in den Flieger setzen aber so ergeht es wohl den meisten Islandreisenden. Im nach hinein w\u00fcrde ich aber keine Rundreise mehr machen oder zumindest nicht wie wir versuchen alles zu sehen. Man verbringt einfach zu viel Zeit im Auto und die Kosten f\u00fcr Benzin sind auch nicht ohne. Das wichtigste aber, es bleibt zu wenig Zeit f\u00fcr die Orte und zum fotografieren \u00fcbrig. Island selbst, die Landschaft, die Menschen und die Lebensart dort sind faszinierend und ich werde sicherlich wieder dort hinfahren.<\/p>\n<p>Solltet ihr einen Fehler finden oder eine Frage haben schreibt mir einfach eine Mail \u00fcber das Kontakt-Formular.<\/p>\n<p><strong>&#8230;und zu guter letzt<\/strong><\/p>\n<p>Astrid und J\u00fcrgen, vielen Dank f\u00fcr den wunderbaren Urlaub!<\/p>\n<p>&#8230;und euer Reisetagebuch das mir geholfen hat den Bericht chronologisch einigerma\u00dfen zu sortieren.<\/p>\n","protected":false},"excerpt":{"rendered":"<p>\u00cdsland 2012 &#8211; a Fer\u00f0alagamyndir Einleitung Iceland stand schon lange auf meiner Wunschliste und nachdem sich \u00fcber das Fotoforum www.digitalfototreff.de eine kleine Reisegruppe gebildet hatte war es dann am 07.06 endlich soweit. Mit von der Partie waren Astrid vom Foto-Stammtisch, ihr Gatte J\u00fcrgen und meine Wenigkeit. Eine kleine Anmerkung zu Reisegruppen falls ihr auch ein derartiges Unterfangen probieren wollt, versucht erst gar nicht zu viele Leute unter einen Hut zu bringen.\u00a0 Drei bis vier\u00a0Personen scheinen mir Ideal, danach wird es planerisch schon eine Herausforderung. Sicherlich passen auch noch f\u00fcnf Personen in den Wagen aber dann sollten die Strecken nicht zu lange sein. Gebucht wurde die Reise S\u00fcd &amp; Nord &amp; Westisland bei\u00a0 Katla-Travel. 11 Tage mit Flug, Mietwagen, einem Ferienhaus in der jeweiligen Region und W\u00e4schepaket. Kosten Leistung Preis p.P. Fly&amp;Drive 07.06 &#8211; l.7.06.2012, Saison NS 2012, 11 Tage, inkl. Flug ab Deutschland Mietwagen Kat. F, Toyota RAV4 4WD manuell o.\u00c4. Katla Mietwagen Paket PLUS (inkl. unbegrenzte km, isl. Mwst., ScDW mit reduz. Selbstbehalt, Frontscheibenversicherung ohne Selbstbehalt, Diebstahlschutz und Flughafenzustellungsgeb\u00fchr ab\/an Keflavik, Kindersitz bei Bedarf 917,00 \u20ac W\u00e4schepaket 25,00 \u20ac Reiser\u00fccktrittsversicherung 68,00 \u20ac Parkgeb\u00fchren Frankfurt 45,00 \u20ac Zus\u00e4tzlicher Fahrer Mietwagen 44,00 \u20ac &nbsp; Ferienhaus: H\u00e6\u00f0argar\u00f0ur (S\u00fcdisland) 360,00 \u20ac Ferienhaus: Engi B\u00e1r\u00f0ardalur (Nordisland) 498,00 \u20ac Ferienhaus: Hulduland (Westisland) 323,00 \u20ac &nbsp; Durch einen Jubil\u00e4umsrabatt gab es das W\u00e4schepaket quasi umsonst so dass sich ein Gesamtpreis von 1465 \u20ac pro Person ergeben hat. Kosten vor Ort Island ist ja bekanntlich kein billiges Pflaster aber die Preise hielten sich bei unserem Besuch in Grenzen beispielsweise: Tanken: 35 Liter Super ca. 54,42 \u20ac (1,56 \u20ac je Liter) Abendessen: 3x Burger und 3x Kaffee 7000 ISK entspricht ca. 14,50 \u20ac pro Person Einkaufen im Supermarkt entspricht deutschem Kostenniveau. &nbsp; Res\u00fcmee Wenn ich k\u00f6nnte w\u00fcrde ich mich sofort wieder in den Flieger setzen aber so ergeht es wohl den meisten Islandreisenden. Im nach hinein w\u00fcrde ich aber keine Rundreise mehr machen oder zumindest nicht wie wir versuchen alles zu sehen. Man verbringt einfach zu viel Zeit im Auto und die Kosten f\u00fcr Benzin sind auch nicht ohne. Das wichtigste aber, es bleibt zu wenig Zeit f\u00fcr die Orte und zum fotografieren \u00fcbrig. Island selbst, die Landschaft, die Menschen und die Lebensart dort sind faszinierend und ich werde sicherlich wieder dort hinfahren. Solltet ihr einen Fehler finden oder eine Frage haben schreibt mir einfach eine Mail \u00fcber das Kontakt-Formular. &#8230;und zu guter letzt Astrid und J\u00fcrgen, vielen Dank f\u00fcr den wunderbaren Urlaub! &#8230;und euer Reisetagebuch das mir geholfen hat den Bericht chronologisch einigerma\u00dfen zu sortieren.<\/p>\n","protected":false},"author":3,"featured_media":1034,"parent":182,"menu_order":2,"comment_status":"closed","ping_status":"closed","template":"","meta":[],"_links":{"self":[{"href":"https:\/\/rubbeldidup.net\/blog\/index.php?rest_route=\/wp\/v2\/pages\/245"}],"collection":[{"href":"https:\/\/rubbeldidup.net\/blog\/index.php?rest_route=\/wp\/v2\/pages"}],"about":[{"href":"https:\/\/rubbeldidup.net\/blog\/index.php?rest_route=\/wp\/v2\/types\/page"}],"author":[{"embeddable":true,"href":"https:\/\/rubbeldidup.net\/blog\/index.php?rest_route=\/wp\/v2\/users\/3"}],"replies":[{"embeddable":true,"href":"https:\/\/rubbeldidup.net\/blog\/index.php?rest_route=%2Fwp%2Fv2%2Fcomments&post=245"}],"version-history":[{"count":69,"href":"https:\/\/rubbeldidup.net\/blog\/index.php?rest_route=\/wp\/v2\/pages\/245\/revisions"}],"predecessor-version":[{"id":1775,"href":"https:\/\/rubbeldidup.net\/blog\/index.php?rest_route=\/wp\/v2\/pages\/245\/revisions\/1775"}],"up":[{"embeddable":true,"href":"https:\/\/rubbeldidup.net\/blog\/index.php?rest_route=\/wp\/v2\/pages\/182"}],"wp:featuredmedia":[{"embeddable":true,"href":"https:\/\/rubbeldidup.net\/blog\/index.php?rest_route=\/wp\/v2\/media\/1034"}],"wp:attachment":[{"href":"https:\/\/rubbeldidup.net\/blog\/index.php?rest_route=%2Fwp%2Fv2%2Fmedia&parent=245"}],"curies":[{"name":"wp","href":"https:\/\/api.w.org\/{rel}","templated":true}]}}